{"id":1111,"date":"2023-06-18T17:45:57","date_gmt":"2023-06-18T17:45:57","guid":{"rendered":"https:\/\/marianabasto.mbdecor.eu\/?page_id=1111"},"modified":"2023-06-18T18:16:34","modified_gmt":"2023-06-18T18:16:34","slug":"termos-e-condicoes","status":"publish","type":"page","link":"https:\/\/marianabasto.mbdecor.eu\/?page_id=1111","title":{"rendered":"Termos e condi\u00e7\u00f5es"},"content":{"rendered":"\n<p>Condi\u00e7\u00f5es de Venda<\/p>\n\n\n\n<p>As Condi\u00e7\u00f5es de Venda aqui expressas s\u00e3o acordadas entre a MARIANA BASTO e o Utilizador que deseje efetuar compras atrav\u00e9s do Website da Internet \u2013 www.marianabasto.mbdecor.eu. Fica acordado desde j\u00e1 que as compras efetuadas neste Website ser\u00e3o regradas pelas condi\u00e7\u00f5es abaixo indicadas:<\/p>\n\n\n\n<p>ENCOMENDA &nbsp;&nbsp;&nbsp;&nbsp;&nbsp;<\/p>\n\n\n\n<p>1. O Utilizador pode enviar a sua encomenda atrav\u00e9s do processo de compra no website acima referido, ap\u00f3s ter utilizado o dispositivo online, selecionando \u201cConfirmar Pedido\u201d:<\/p>\n\n\n\n<p>\u00a0\u00a0\u00a0\u00a0\u00a0\u00a0\u00a0\u00a0\u00a0\u00a0a) A partir do cat\u00e1logo on-line apresentado no site www.marianabasto.mbdecor.eu. \u00a0\u00a0\u00a0\u00a0\u00a0<\/p>\n\n\n\n<p>2. Para enviar a sua encomenda o Utilizador dever\u00e1:<\/p>\n\n\n\n<p>&nbsp;&nbsp;&nbsp;&nbsp;&nbsp;&nbsp;&nbsp;&nbsp;&nbsp;&nbsp;a) Registar-se ou preencher a ficha de encomenda no Website MARIANA BASTO, disponibilizando para o efeito as informa\u00e7\u00f5es a\u00ed solicitadas;<\/p>\n\n\n\n<p>&nbsp;&nbsp;&nbsp;&nbsp;&nbsp;&nbsp;&nbsp;&nbsp;&nbsp;&nbsp;b) Caso tenha-se resgistado, efetuar o \u201cLogin\u201d (facultando uma combina\u00e7\u00e3o de e-mail e palavra passe escolhidas pelo Utilizador no ato de registo);<\/p>\n\n\n\n<p>&nbsp;&nbsp;&nbsp;&nbsp;&nbsp;&nbsp;&nbsp;&nbsp;&nbsp;&nbsp;c) Completar a informa\u00e7\u00e3o e escolher as op\u00e7\u00f5es que lhe s\u00e3o disponibilizadas ao longo do processo de \u201ccompra\u201d (morada de expedi\u00e7\u00e3o e factura\u00e7\u00e3o; forma de pagamento). &nbsp;&nbsp;&nbsp;&nbsp;<\/p>\n\n\n\n<p>&nbsp;3. O envio da encomenda ao Utilizador equivale \u00e0 aceita\u00e7\u00e3o plena e completa dos pre\u00e7os e descri\u00e7\u00e3o dos produtos dispon\u00edveis para venda assim como das condi\u00e7\u00f5es gerais de venda que ser\u00e3o as \u00fanicas aplic\u00e1veis ao contrato assim conclu\u00eddo. &nbsp;&nbsp;&nbsp;&nbsp;<\/p>\n\n\n\n<p>&nbsp;4. A MARIANA BASTO honrar\u00e1 as encomendas recebidas on-line unicamente at\u00e9 ao limite dos stocks dispon\u00edveis, na falta de disponibilidade do produto a MARIANA BASTO compromete-se a informar o Utilizador logo que lhe seja poss\u00edvel.<\/p>\n\n\n\n<p>ENTREGA &nbsp;&nbsp;&nbsp;&nbsp;&nbsp;<\/p>\n\n\n\n<p>1. A entrega das encomendas ser\u00e1 feita atrav\u00e9s de transporte pelos CTT, para a morada indicada pelo cliente no ato da compra. &nbsp;&nbsp;&nbsp;&nbsp;<\/p>\n\n\n\n<p>2. O prazo de envio pode variar entre 1 a 5 dias \u00fateis, dependendo da exist\u00eancia em stock dos produtos comprados, do modo de pagamento escolhido, e da hora em que a encomenda nos chega. No caso da entrega demorar mais que 48h00, o cliente ser\u00e1 informado telefonicamente ou por email.&nbsp;<\/p>\n\n\n\n<p>Tabela de pre\u00e7os<\/p>\n\n\n\n<figure class=\"wp-block-table\"><table><tbody><tr><td>Peso<\/td><td>Pre\u00e7o<\/td><\/tr><tr><td>At\u00e9 20g<\/td><td>3,35 \u20ac<\/td><\/tr><tr><td>&gt;20g-50g<\/td><td>3,35 \u20ac<\/td><\/tr><tr><td>&gt;50g-100g<\/td><td>3,35 \u20ac<\/td><\/tr><tr><td>&gt;100g-500g<\/td><td>3,95 \u20ac<\/td><\/tr><tr><td>&gt;500g-2Kg&nbsp;<\/td><td>6,50 \u20ac<\/td><\/tr><\/tbody><\/table><\/figure>\n\n\n\n<p>PAGAMENTO &nbsp;&nbsp;&nbsp;&nbsp;&nbsp;<\/p>\n\n\n\n<p>1. A Mariana Basto prop\u00f5e ao Utilizador as seguintes modalidades de pagamento:<\/p>\n\n\n\n<p>&nbsp;&nbsp;&nbsp;&nbsp;&nbsp;&nbsp;&nbsp;&nbsp;&nbsp;&nbsp;a) MB Way;<\/p>\n\n\n\n<p>&nbsp;&nbsp;&nbsp;&nbsp;&nbsp;&nbsp;&nbsp;&nbsp;&nbsp;&nbsp;b) Refer\u00eancias multibanco;<\/p>\n\n\n\n<p>&nbsp;&nbsp;&nbsp;&nbsp;&nbsp;&nbsp;&nbsp;&nbsp;&nbsp;&nbsp;c) Transferencia Banc\u00e1ria. &nbsp;&nbsp;&nbsp;&nbsp;&nbsp;<\/p>\n\n\n\n<p>2. O Utilizador pagar\u00e1 uma soma global correspondente aos custos de tratamento da encomenda; as despesas adicionais s\u00e3o compostas de gastos fixos como comparticipa\u00e7\u00e3o nas despesas de embalagem e de envio. &nbsp;&nbsp;&nbsp;&nbsp;&nbsp;<\/p>\n\n\n\n<p>3. A MARIANA BASTO encetar\u00e1 todas os seus esfor\u00e7os para garantir a m\u00e1xima confidencialidade e seguran\u00e7a nos dados transmitidos atrav\u00e9s da internet.<\/p>\n\n\n\n<p>PRE\u00c7OS &nbsp;&nbsp;&nbsp;&nbsp;&nbsp;<\/p>\n\n\n\n<p>1. Os pre\u00e7os devem entender-se em Euros, com taxas e impostos inclu\u00eddos, tendo em conta o IVA em vigor \u00e0 data do pagamento da encomenda. &nbsp;&nbsp;&nbsp;&nbsp;&nbsp;<\/p>\n\n\n\n<p>2. Caso se verifique altera\u00e7\u00e3o das tabelas de pre\u00e7os de produtos \u00e0 venda neste website, caso a mesma implique uma subida do pre\u00e7o, o Utilizador ser\u00e1 informado de imediato, podendo optar por receber a sua encomenda (efetuando o pagamento da diferen\u00e7a) ou por proceder ao seu cancelamento. &nbsp;&nbsp;&nbsp;&nbsp;<\/p>\n\n\n\n<p>3. Os pre\u00e7os apresentados no processo de \u201ccompra\u201d correspondem sempre aos pre\u00e7os em vigor mais atualizados, no entanto, s\u00f3 devem ser considerados v\u00e1lidos enquanto estiverem vis\u00edveis no website numa p\u00e1gina refrescada (cache ou p\u00e1ginas n\u00e3o refrescadas, podem mostrar pre\u00e7os que j\u00e1 n\u00e3o est\u00e3o em vigor). O pre\u00e7o visionado, s\u00f3 \u00e9 garantido nestas condi\u00e7\u00f5es e apenas ap\u00f3s a encomenda se encontrar devidamente registada.<\/p>\n\n\n\n<p>PROMO\u00c7\u00d5ES &nbsp;&nbsp;&nbsp;&nbsp;&nbsp;<\/p>\n\n\n\n<p>1. Guardar um produto no \u201ccarrinho de compras\u201d n\u00e3o garante o pre\u00e7o nem o desconto do mesmo.<\/p>\n\n\n\n<p>GARANTIAS &nbsp;&nbsp;&nbsp;&nbsp;&nbsp;<\/p>\n\n\n\n<p>1. A Loja On-Line MARIANA BASTO, garante nos termos da lei, a conformidade dos artigos que comercializa, e assegura a sua assist\u00eancia t\u00e9cnica. &nbsp;&nbsp;&nbsp;&nbsp;&nbsp;<\/p>\n\n\n\n<p>2. O prazo de garantia de cada produto, varia conforme especifica\u00e7\u00e3o do fabricante, e acompanha o mesmo na altura do despacho, ou vai mencionado na fatura ou venda-a-dinheiro.<\/p>\n\n\n\n<p>DEVOLU\u00c7\u00d5ES &nbsp;&nbsp;&nbsp;&nbsp;&nbsp;<\/p>\n\n\n\n<p>Antes de Devolver um Produto &nbsp;&nbsp;&nbsp;&nbsp;&nbsp;<\/p>\n\n\n\n<p>Caso tenha problemas com um produto, existem outras solu\u00e7\u00f5es antes de pensar em devolv\u00ea-lo: &nbsp;&nbsp;&nbsp;&nbsp;&nbsp;<\/p>\n\n\n\n<p>1. Procure ajuda, envie-nos um email atrav\u00e9s da nossa p\u00e1gina em \u201cContacto\u201d. &nbsp;&nbsp;&nbsp;&nbsp;&nbsp;<\/p>\n\n\n\n<p>2. Contacte a loja atrav\u00e9s do n\u00famero (+351) 937 979 722 para obter apoio t\u00e9cnico ao produto ou efetuar quest\u00f5es sobre a sua encomenda. &nbsp;&nbsp;&nbsp;&nbsp;&nbsp;<\/p>\n\n\n\n<p>Pol\u00edtica de Devolu\u00e7\u00f5es &nbsp;&nbsp;&nbsp;&nbsp;<\/p>\n\n\n\n<p>1. O cliente disp\u00f5e de 30 dias para devolver a encomenda caso n\u00e3o se encontre totalmente satisfeito, prazo esse que come\u00e7a a contar a partir do dia em que a recebe. &nbsp;&nbsp;&nbsp;&nbsp;&nbsp;<\/p>\n\n\n\n<p>2. Deve, no entanto, previamente contactar a nossa empresa, para que no caso de uma troca certificar-nos se o artigo pretendido existe em stock e se h\u00e1 lugar a algum pagamento adicional. &nbsp;&nbsp;&nbsp;&nbsp;&nbsp;<\/p>\n\n\n\n<p>3. Quando proceder \u00e0 devolu\u00e7\u00e3o ou troca de uma mercadoria, o cliente deve faz\u00ea-lo na embalagem original, acompanhado da respetiva garantia e folhetos t\u00e9cnicos que possam acompanhar os produtos. Estes t\u00eam obrigatoriamente de se encontrar em condi\u00e7\u00f5es de venda, ou seja, no mesmo estado em que chegaram \u00e0s m\u00e3os do Utilizador, sem qualquer anomalia. &nbsp;&nbsp;&nbsp;&nbsp;&nbsp;<\/p>\n\n\n\n<p>4. Os artigos devolvidos s\u00f3 ser\u00e3o aceites sem sujidade. &nbsp;&nbsp;&nbsp;&nbsp;&nbsp;<\/p>\n\n\n\n<p>5. Sempre que a troca ou devolu\u00e7\u00e3o se verifique por defeito, anomalia, ou qualquer outra defici\u00eancia coberta pela garantia, a MARIANA BASTO, suportar\u00e1 as despesas de envio. Caso contr\u00e1rio, s\u00e3o por conta do Utilizador. No entanto, a MARIANA BASTO n\u00e3o aceita qualquer devolu\u00e7\u00e3o enviada com portes a pagar ou contra-reembolso, comprometendo-se a reembolsar o Utilizador no prazo m\u00e1ximo de 30 dias a contar da rece\u00e7\u00e3o da devolu\u00e7\u00e3o. &nbsp;&nbsp;&nbsp;&nbsp;<\/p>\n\n\n\n<p>6. Quando se verificar uma devolu\u00e7\u00e3o, pelo fato de o Utilizador n\u00e3o se encontrar totalmente satisfeito com o produto comprado, e caso n\u00e3o pretenda troca-lo por outro, a MARIANA BASTO restituir\u00e1 ao Utilizador a totalidade do valor pago, o Utilizador poder\u00e1 optar por uma das seguintes formas de restitui\u00e7\u00e3o do valor:<\/p>\n\n\n\n<p>&nbsp;&nbsp;&nbsp;&nbsp;&nbsp;&nbsp;&nbsp;&nbsp;&nbsp;&nbsp;a) Vale de compras (v\u00e1lido para utiliza\u00e7\u00e3o em futuras compras no site marianabasto.mbdecor.eu);<\/p>\n\n\n\n<p>&nbsp;&nbsp;&nbsp;&nbsp;&nbsp;&nbsp;&nbsp;&nbsp;&nbsp;&nbsp;b) Restitui\u00e7\u00e3o por transfer\u00eancia banc\u00e1ria para conta a indicar. &nbsp;&nbsp;&nbsp;&nbsp;&nbsp;<\/p>\n\n\n\n<p>7. Se o valor resultante da troca de produtos de uma encomenda for superior ao valor inicial da mesma, o Utilizador ter\u00e1 de custear a diferen\u00e7a, utilizando para tal uma das formas de pagamento dispon\u00edveis no ponto PAGAMENTO nas al\u00edneas b) ou c). &nbsp;&nbsp;&nbsp;&nbsp;&nbsp;<\/p>\n\n\n\n<p>8. Artigos enviados gratuitamente, sob a forma de brindes ou b\u00f3nus, n\u00e3o ser\u00e3o reembolsados.<\/p>\n","protected":false},"excerpt":{"rendered":"<p>Condi\u00e7\u00f5es de Venda As Condi\u00e7\u00f5es de Venda aqui expressas s\u00e3o acordadas entre a MARIANA BASTO e o Utilizador que deseje efetuar compras atrav\u00e9s do Website da Internet \u2013 www.marianabasto.mbdecor.eu. Fica acordado desde j\u00e1 que as compras efetuadas neste Website ser\u00e3o regradas pelas condi\u00e7\u00f5es abaixo indicadas: ENCOMENDA &nbsp;&nbsp;&nbsp;&nbsp;&nbsp; 1. O Utilizador pode enviar a sua encomenda &hellip;<\/p>\n<p class=\"read-more\"> <a class=\"\" href=\"https:\/\/marianabasto.mbdecor.eu\/?page_id=1111\"> <span class=\"screen-reader-text\">Termos e condi\u00e7\u00f5es<\/span> Read More &raquo;<\/a><\/p>\n","protected":false},"author":1,"featured_media":0,"parent":0,"menu_order":0,"comment_status":"closed","ping_status":"closed","template":"","meta":{"site-sidebar-layout":"default","site-content-layout":"default","ast-global-header-display":"","ast-banner-title-visibility":"","ast-main-header-display":"","ast-hfb-above-header-display":"","ast-hfb-below-header-display":"","ast-hfb-mobile-header-display":"","site-post-title":"","ast-breadcrumbs-content":"","ast-featured-img":"","footer-sml-layout":"","theme-transparent-header-meta":"","adv-header-id-meta":"","stick-header-meta":"","header-above-stick-meta":"","header-main-stick-meta":"","header-below-stick-meta":"","footnotes":""},"class_list":["post-1111","page","type-page","status-publish","hentry"],"_links":{"self":[{"href":"https:\/\/marianabasto.mbdecor.eu\/index.php?rest_route=\/wp\/v2\/pages\/1111","targetHints":{"allow":["GET"]}}],"collection":[{"href":"https:\/\/marianabasto.mbdecor.eu\/index.php?rest_route=\/wp\/v2\/pages"}],"about":[{"href":"https:\/\/marianabasto.mbdecor.eu\/index.php?rest_route=\/wp\/v2\/types\/page"}],"author":[{"embeddable":true,"href":"https:\/\/marianabasto.mbdecor.eu\/index.php?rest_route=\/wp\/v2\/users\/1"}],"replies":[{"embeddable":true,"href":"https:\/\/marianabasto.mbdecor.eu\/index.php?rest_route=%2Fwp%2Fv2%2Fcomments&post=1111"}],"version-history":[{"count":2,"href":"https:\/\/marianabasto.mbdecor.eu\/index.php?rest_route=\/wp\/v2\/pages\/1111\/revisions"}],"predecessor-version":[{"id":1131,"href":"https:\/\/marianabasto.mbdecor.eu\/index.php?rest_route=\/wp\/v2\/pages\/1111\/revisions\/1131"}],"wp:attachment":[{"href":"https:\/\/marianabasto.mbdecor.eu\/index.php?rest_route=%2Fwp%2Fv2%2Fmedia&parent=1111"}],"curies":[{"name":"wp","href":"https:\/\/api.w.org\/{rel}","templated":true}]}}